-37
Let n(h) = -h**2 + 110*h - 1341. Give n(96).
3
Let s(q) = -q. Determine s(-7).
7
Let t(l) = -28*l + 211. What is t(10)?
-69
Let y(a) = -a**3 + 6*a**2 + a + 1. Calculate y(5).
31
Let y(o) = o**3 - 5*o**2 + 11*o - 22. Determine y(3).
-7
Let x(l) = -l**2 + 11*l - 22. What is x(10)?
-12
Let f(p) = -3*p**2 - 6*p - 4. Determine f(3).
-49
Let t(a) = a**3 + 10*a**2 + 2*a - 13. Determine t(-10).
-33
Let d(h) = h**3 + 4*h**2 - 3*h - 2. Calculate d(-5).
-12
Let f(a) = 23*a - 60. Give f(3).
9
Let t(o) = -o**2 - 13*o - 94. Calculate t(-6).
-52
Let n(i) = -i - 42. What is n(-15)?
-27
Let x(u) = u - 64. What is x(30)?
-34
Let c(x) = x**3 + 10*x**2 + 9*x - 5. What is c(-9)?
-5
Let p(o) = 8*o - 5. Give p(2).
11
Let w(v) = v**3 + 6*v**2 + 3*v - 7. Calculate w(-6).
-25
Let j(h) = 31*h - 149. Calculate j(5).
6
Let d(a) = a**3 + a**2 - a + 10. What is d(0)?
10
Let y(p) = p**3 - 6*p**2 - 6*p + 3. What is y(7)?
10
Let f(r) = r**3 + 9*r**2 + 10*r + 9. Determine f(-8).
-7
Let b(w) = w - 4. Calculate b(-20).
-24
Let u(m) = -2*m - 29. Give u(-10).
-9
Let d(y) = 2*y**2 - 3*y - 3. What is d(3)?
6
Let d(k) = -k**3 - 11*k**2 - 7*k + 10. Calculate d(-10).
-20
Let b(a) = -a**3 - 12*a**2 - 8*a + 37. What is b(-10)?
-83
Let h(i) = i**2 + 3*i - 1. What is h(2)?
9
Let h(y) = -y**3 - 11*y**2 + 14*y + 25. What is h(-12)?
1
Let r(g) = 7*g - 4. Determine r(6).
38
Let x(k) = 26*k + 1. Calculate x(1).
27
Let x(s) = s**3 - 7*s**2 + 9*s - 35. What is x(7)?
28
Let h(b) = b**3 - 14*b**2 + 16*b + 108. Give h(12).
12
Let r(w) = -w**3 + 27*w**2 - 27*w - 55. Calculate r(26).
-81
Let w(h) = -39*h**2 + h. What is w(1)?
-38
Let j(x) = -4*x + 49. Give j(10).
9
Let x(m) = -3*m**2 + 5*m - 4. Determine x(2).
-6
Let i(o) = -o**3 + 5*o**2 + 2*o + 14. What is i(6)?
-10
Let k(u) = 26*u - 2. Give k(1).
24
Let g(v) = 9*v - 84. What is g(8)?
-12
Let s(i) = -i**3 + 5*i**2 - 5*i - 3. Determine s(4).
-7
Let z(s) = 11*s - 57. Calculate z(9).
42
Let g(b) = -b**3 - b**2 + 2*b + 4. What is g(-3)?
16
Let p(s) = s**3 - 10*s**2 + 5*s + 6. Give p(4).
-70
Let z(a) = -a**2 - 11*a - 14. Give z(-8).
10
Let j(t) = 37*t - 37. Calculate j(1).
0
Let j(p) = 2*p + 11. What is j(8)?
27
Let i(r) = 48*r**2. Determine i(-1).
48
Let f(w) = -w**2 + 25*w - 50. What is f(22)?
16
Let a(v) = -3*v**3 + 22*v**2 + 17*v - 8. Calculate a(8).
0
Let o(t) = -t**3 + 5*t**2 - t + 6. Give o(6).
-36
Let x(f) = 4*f - 62. What is x(8)?
-30
Let q(l) = -l**2 - 6*l - 4. Calculate q(-5).
1
Let i(j) = j**3 + 32*j**2 + 2*j + 64. Determine i(-32).
0
Let j(f) = -f + 7. What is j(-1)?
8
Let k(f) = 12*f + 10. What is k(-2)?
-14
Let l(x) = -x**3 - 46*x**2 + 45*x - 104. Give l(-47).
-10
Let q(c) = 21*c - 106. Calculate q(5).
-1
Let b(w) = -w**3 + 12*w**2 - 3*w + 206. What is b(13)?
-2
Let f(w) = w**2 - 149. What is f(12)?
-5
Let v(z) = -z**2 - 10*z - 9. Calculate v(-9).
0
Let l(d) = 3*d + 74. What is l(-15)?
29
Let a(x) = -x**3 + 2*x**2 + 9*x + 22. Calculate a(6).
-68
Let n(f) = -f**2 + 7*f + 33. What is n(10)?
3
Let r(y) = 68*y - 3. What is r(1)?
65
Let h(o) = -15*o - 182. Determine h(-12).
-2
Let k(m) = -8*m + 106. What is k(13)?
2
Let l(x) = -7*x - 3. Determine l(1).
-10
Let b(k) = -5*k + 58. Give b(10).
8
Let c(x) = -10*x**2 - 79*x + 19. What is c(-8)?
11
Let x(p) = p**3 - 4*p**2 + 5*p - 12. Calculate x(4).
8
Let f(k) = k**2 - 18*k + 79. Determine f(16).
47
Let x(b) = b**2 + 3*b - 19. Determine x(-6).
-1
Let w(g) = -9*g + 4. Determine w(4).
-32
Let r(v) = v**2 - 3*v - 4. Determine r(-7).
66
Let b(l) = l**2 + 8*l - 21. Give b(-11).
12
Let y(j) = -j**2 + 5*j + 13. Give y(11).
-53
Let m(q) = -2*q**2 - 4*q - 9. Give m(-4).
-25
Let v(i) = -i - 21. What is v(-10)?
-11
Let d(a) = -2*a**2 - 51*a - 236. Give d(-19).
11
Let p(q) = -16*q + 4. Give p(3).
-44
Let g(x) = -x**2 - 21*x - 59. What is g(-5)?
21
Let f(c) = 3*c + 4. Determine f(-2).
-2
Let v(s) = -18*s**2 - 87*s + 10. Determine v(-5).
-5
Let n(j) = -j**3 - 8*j**2 - 5*j - 5. Calculate n(-8).
35
Let y(s) = -s**3 - 20*s**2 - 22*s - 9. What is y(-19)?
48
Let s(p) = -5*p + 5. Give s(6).
-25
Let m(p) = -p**2 - 2*p - 51. What is m(0)?
-51
Let v(s) = -s**3 + 8*s**2 - 5*s - 8. Determine v(5).
42
Let j(a) = 8*a**3 + 3*a**2 + a - 4. Determine j(-2).
-58
Let x(a) = 34*a + 138. Give x(-4).
2
Let v(w) = -w**3 - 5*w**2 + 8*w + 16. Calculate v(-6).
4
Let z(s) = -s**2 + 12*s - 8. Determine z(8).
24
Let r(t) = -5*t - 2. Determine r(2).
-12
Let p(i) = -i**2 - 7*i - 6. Determine p(-2).
4
Let j(d) = 2*d + 10. Calculate j(-5).
0
Let i(p) = -p**3 - 15*p**2 - 16*p - 22. Determine i(-14).
6
Let d(t) = 8*t + 423. Calculate d(-54).
-9
Let u(h) = h**2 - 8*h + 8. What is u(1)?
1
Let j(p) = -2*p**2 + 5*p + 43. Determine j(6).
1
Let u(m) = m**3 + 8*m**2 + 6*m - 15. Give u(-7).
-8
Let p(j) = -3*j + 7. What is p(-2)?
13
Let g(v) = -v**2 - 15*v - 35. Determine g(-10).
15
Let n(j) = -j**3 + 15*j**2 - j + 29. Give n(15).
14
Let w(o) = -o**2 - 19*o + 5. What is w(-12)?
89
Let h(u) = 3*u - 4. Determine h(-2).
-10
Let o(g) = -g**3 + 13*g**2 - 6*g - 80. Calculate o(12).
-8
Let o(u) = 6*u**2 + 21*u + 24. Determine o(-2).
6
Let s(i) = -5*i - 1. What is s(0)?
-1
Let s(v) = -3*v + 18. Give s(6).
0
Let u(z) = z**2 - 7*z + 6. What is u(7)?
6
Let h(r) = 8*r + 669. What is h(-84)?
-3
Let f(x) = 5*x**3 + x - 7. Calculate f(2).
35
Let i(j) = -69*j - 7. Determine i(1).
-76
Let b(u) = u**2 + 2*u - 1. Determine b(1).
2
Let z(p) = p**3 - 20*p**2 + 37*p + 8. Determine z(18).
26
Let c(x) = -x**2 + x + 5. Give c(-4).
-15
Let b(m) = 6*m**2 - 2*m + 3. What is b(1)?
7
Let n(o) = -o**3 + 8*o**2 + 11*o - 16. Give n(9).
2
Let q(t) = 12*t - 2. Give q(1).
10
Let q(a) = a**3 + 11*a**2 + a + 4. Give q(-11).
-7
Let j(z) = -z**2 + 4*z + 7. Give j(5).
2
Let t(s) = 19*s**2 + 9*s - 6. Give t(1).
22
Let u(q) = -q**3 - 8*q**2 - 4*q - 4. Give u(-6).
-52
Let r(j) = 3*j**3 - j + 2. Calculate r(2).
24
Let h(x) = 2*x**2 + x + 6. What is h(4)?
42
Let q(a) = a**3 + 47*a**2 + 91*a + 48. Determine q(-45).
3
Let a(m) = -5*m**2 + 50*m - 16. What is a(10)?
-16
Let w(z) = -21*z + 11. What is w(0)?
11
Let p(c) = c**2 - 10*c - 123. What is p(16)?
-27
Let g(f) = -6*f - 4. What is g(-3)?
14
Let u(g) = g**2 + 33*g - 37. What is u(-33)?
-37
Let x(m) = m**2 + 19*m - 559. Calculate x(16).
1
Let q(s) = s**3 - 5*s**2 + 5. What is q(5)?
5
Let t(b) = 3*b**2 - 171*b + 173. Calculate t(56).
5
Let n(y) = -y**2 + y + 3. Determine n(2).
1
Let s(t) = 14*t + 5. Calculate s(-4).
-51
Let r(p) = 2*p**3 - 5*p**2 - 7*p + 9. What is r(5)?
99
Let j(v) = -2*v**2 + 9*v + 1. Determine j(-5).
-94
Let s(c) = -c**2 - 3*c - 5. Give s(-5).
-15
Let i(l) = 16*l - 94. What is i(0)?
-94
Let i(u) = 6*u + 17. Calculate i(-2).
5
Let n(c) = -c**2 - c + 7. What is n(-3)?
1
Let g(a) = a**3 + 8*a**2 + 6*a + 6. What is g(-4)?
46
Let t(b) = b**2 - 9*b + 12. What is t(8)?
4
Let g(p) = p**2 + 9*p - 4. Determine g(-7).
-18
Let n(h) = 8*h + 53. Calculate n(-5).
13
Let w(k) = 15*k + 24. Determine w(-2).
-6
Let w(z) = -z**3 + 7*z**2 + z - 3. Determine w(7).
4
Let a(j) = -2*j + 1. Give a(-4).
9
Let t(a) = 10*a + 10. Give t(-7).
-60
Let h(i) = -i**3 + 16*i**2 + 18*i - 1. Calculate h(17).
16
Let r(l) = l**2 + 4*l - 18. Calculate r(-8).
14
Let f(x) = -x**2 - 12*x + 12. What is f(-14)?
-16
Let h(j) = -j**2 + 7*j + 30. Give h(10).
0
Let v(r) = -6*r - 64. Calculate v(-10).
-4
Let o(p) = 2*p + 8. What is o(0)?
8
Let i(g) = 6*g + 9. Give i(-6).
-27
Let x(q) = -q**3 + 28*q**2 - 29*q + 49. Calculate x(27).
-5
Let x(q) = -3*q**3 + q**2. What is x(-2)?
28
Let u(c) = 7*c + 3. Determine u(-3).
-18
Let p(v) = -2*v**3 + 12*v**2 + v - 7. Calculate p(6).
-1
Let x(f) = -2*f**3 + 12*f**2 + 2*f + 7. Determine x(7).
-77
Let u(a) = -9*a**3 + 35*a**2 + 4*a + 5. Determine u(4).
5
Let j(l) = -l**3 - 8*l**2 - 14. Calculate j(-10).
186
Let m(t) = 52*t + 1762. Calculate m(-34).
-6
Let q(d) = d**2 + 8*d - 11. Calculate q(-9).
-2
Let b(w) = -w**3 - 9*w + 16. Determine b(2).
-10
Let y(f) = -f**3 + 11*f**2 + 7*f + 14. What is y(12)?
-46
Let o(g) = -g**3 + 16*g**2 - 17*g + 21. What is o(15)?
-9
Let o(i) = -16*i + 230. Give o(15).
-10
Let r(p) = -3*p - 17. Calculate r(-4).
-5
Let v(b) = b**3 + 40*b**2 + 2*b + 69. Determine v(-40).
-11
Let h(u) = -u + 7. Determine h(6).
1
Let x(s) = s**3 + 13*s**2 - 16*s - 33. Determine x(-14).
-5
Let w(x) = -2*x**2 + 52*x - 27. Calculate w(25